{"id":8,"date":"2017-07-18T03:07:17","date_gmt":"2017-07-18T01:07:17","guid":{"rendered":"http:\/\/sanseaikikai.es\/?page_id=8"},"modified":"2026-03-03T00:29:55","modified_gmt":"2026-03-02T23:29:55","slug":"aikido-2","status":"publish","type":"page","link":"https:\/\/sanseaikikai.es\/","title":{"rendered":""},"content":{"rendered":"\n<p>La <strong>Asociaci\u00f3n Cultural Sanse Aikikai (ACSA)<\/strong> es una entidad sin \u00e1nimo de lucro, registrada en la Comunidad de Madrid y en el Ayuntamiento de San Sebasti\u00e1n de los Reyes, cuyo objetivo principal es la pr\u00e1ctica, promoci\u00f3n y difusi\u00f3n del Aikido.<\/p>\n\n\n\n<p>Grupo Madrid.<\/p>\n\n\n\n<figure class=\"wp-block-image size-full\"><img loading=\"lazy\" decoding=\"async\" width=\"1994\" height=\"435\" src=\"https:\/\/sanseaikikai.es\/wp-content\/uploads\/2025\/09\/Grupal-ACSA-Aikikai.jpg\" alt=\"\" class=\"wp-image-2998\" srcset=\"https:\/\/sanseaikikai.es\/wp-content\/uploads\/2025\/09\/Grupal-ACSA-Aikikai.jpg 1994w, https:\/\/sanseaikikai.es\/wp-content\/uploads\/2025\/09\/Grupal-ACSA-Aikikai-300x65.jpg 300w, https:\/\/sanseaikikai.es\/wp-content\/uploads\/2025\/09\/Grupal-ACSA-Aikikai-1024x223.jpg 1024w, https:\/\/sanseaikikai.es\/wp-content\/uploads\/2025\/09\/Grupal-ACSA-Aikikai-768x168.jpg 768w, https:\/\/sanseaikikai.es\/wp-content\/uploads\/2025\/09\/Grupal-ACSA-Aikikai-1536x335.jpg 1536w\" sizes=\"auto, (max-width: 1994px) 100vw, 1994px\" \/><\/figure>\n\n\n\n<p>La Asociaci\u00f3n naci\u00f3 en el a\u00f1o 2008 en San Sebasti\u00e1n de los Reyes, Madrid. A lo largo de sus 18 a\u00f1os de trayectoria, se ha consolidado como una asociaci\u00f3n de Aikido de referencia en la Comunidad de Madrid, destacando por el alto nivel t\u00e9cnico de sus miembros, su compromiso con la pr\u00e1ctica, la formaci\u00f3n continua y la ense\u00f1anza permanente del arte marcial.<\/p>\n\n\n\n<p>Grupo Catalu\u00f1a.<\/p>\n\n\n\n<figure class=\"wp-block-image size-full\"><img loading=\"lazy\" decoding=\"async\" width=\"2560\" height=\"614\" src=\"https:\/\/sanseaikikai.es\/wp-content\/uploads\/2024\/02\/Foto-Grupal-scaled.jpg\" alt=\"\" class=\"wp-image-2598\" srcset=\"https:\/\/sanseaikikai.es\/wp-content\/uploads\/2024\/02\/Foto-Grupal-scaled.jpg 2560w, https:\/\/sanseaikikai.es\/wp-content\/uploads\/2024\/02\/Foto-Grupal-300x72.jpg 300w, https:\/\/sanseaikikai.es\/wp-content\/uploads\/2024\/02\/Foto-Grupal-1024x245.jpg 1024w, https:\/\/sanseaikikai.es\/wp-content\/uploads\/2024\/02\/Foto-Grupal-768x184.jpg 768w, https:\/\/sanseaikikai.es\/wp-content\/uploads\/2024\/02\/Foto-Grupal-1536x368.jpg 1536w, https:\/\/sanseaikikai.es\/wp-content\/uploads\/2024\/02\/Foto-Grupal-2048x491.jpg 2048w\" sizes=\"auto, (max-width: 2560px) 100vw, 2560px\" \/><\/figure>\n\n\n\n<p>Uno de los fines principales de la Asociaci\u00f3n es desarrollar y promover el Aikido como arte marcial tradicional de origen japon\u00e9s, respetando y difundiendo los principios t\u00e9cnicos y filos\u00f3ficos establecidos por su fundador, Morihei Ueshiba.<\/p>\n\n\n\n<p>Grupo Navarra.<\/p>\n\n\n\n<figure class=\"wp-block-image size-full\"><img loading=\"lazy\" decoding=\"async\" width=\"2560\" height=\"824\" src=\"https:\/\/sanseaikikai.es\/wp-content\/uploads\/2026\/03\/Pamplona-24-scaled.jpg\" alt=\"\" class=\"wp-image-3133\" srcset=\"https:\/\/sanseaikikai.es\/wp-content\/uploads\/2026\/03\/Pamplona-24-scaled.jpg 2560w, https:\/\/sanseaikikai.es\/wp-content\/uploads\/2026\/03\/Pamplona-24-300x97.jpg 300w, https:\/\/sanseaikikai.es\/wp-content\/uploads\/2026\/03\/Pamplona-24-1024x330.jpg 1024w, https:\/\/sanseaikikai.es\/wp-content\/uploads\/2026\/03\/Pamplona-24-768x247.jpg 768w, https:\/\/sanseaikikai.es\/wp-content\/uploads\/2026\/03\/Pamplona-24-1536x495.jpg 1536w, https:\/\/sanseaikikai.es\/wp-content\/uploads\/2026\/03\/Pamplona-24-2048x660.jpg 2048w\" sizes=\"auto, (max-width: 2560px) 100vw, 2560px\" \/><\/figure>\n\n\n\n<p>Asimismo, la Asociaci\u00f3n apoya e impulsa iniciativas y proyectos de entidades p\u00fablicas y privadas orientados a la difusi\u00f3n del Aikido, tanto a nivel nacional como internacional.<\/p>\n\n\n\n<p class=\"has-black-color has-text-color\"><strong>Presidente:<\/strong><br><a href=\"https:\/\/louridomendez.com\/\" type=\"link\" id=\"https:\/\/louridomendez.com\/\">Fernando Gast\u00f3n Lourido M\u00e9ndez<\/a> <span style=\"color: #808080;\">Sensei 6\u00ba Dan Aikikai<\/span><\/p>\n\n\n\n<p class=\"has-black-color has-text-color\"><strong>Reconocimiento Oficial Aikikai:<\/strong><br>La Asociaci\u00f3n Cultural Sanse Aikikai es una entidad con <a href=\"https:\/\/sanseaikikai.es\/index.php\/reconocimiento-oficial\/\">Reconocimiento Oficial<\/a>&nbsp;de la&nbsp;<a href=\"https:\/\/aikikai.or.jp\/eng\/\" target=\"_blank\" rel=\"noreferrer noopener\">Fundaci\u00f3n Aikikai<\/a>&nbsp;de Tokio, Jap\u00f3n (Aikikai Foundation, Aikido World Headquarters).<\/p>\n\n\n<div class=\"wp-block-image\">\n<figure class=\"alignleft\"><a href=\"https:\/\/aikikai.or.jp\/eng\/\" target=\"_blank\" rel=\"noopener noreferrer\"><img loading=\"lazy\" decoding=\"async\" width=\"260\" height=\"80\" src=\"http:\/\/sanseaikikai.es\/wp-content\/uploads\/2018\/08\/Aikikai-1.gif\" alt=\"\" class=\"wp-image-812\"\/><\/a><\/figure>\n<\/div>\n\n\n<p><\/p>\n","protected":false},"excerpt":{"rendered":"<p>La Asociaci\u00f3n Cultural Sanse Aikikai (ACSA) es una entidad sin \u00e1nimo de lucro, registrada en la Comunidad de Madrid y en el Ayuntamiento de San Sebasti\u00e1n de los Reyes, cuyo objetivo principal<a class=\"moretag\" href=\"https:\/\/sanseaikikai.es\/\">Leer m\u00e1s&#8230;<\/a><\/p>\n","protected":false},"author":1,"featured_media":0,"parent":0,"menu_order":0,"comment_status":"closed","ping_status":"closed","template":"","meta":{"footnotes":""},"class_list":["post-8","page","type-page","status-publish","hentry"],"yoast_head":"<!-- This site is optimized with the Yoast SEO plugin v27.3 - https:\/\/yoast.com\/product\/yoast-seo-wordpress\/ -->\n<title>Asociaci\u00f3n Cultural Sanse Aikikai (ACSA)<\/title>\n<meta name=\"description\" content=\"P\u00e1gina de la Asociaci\u00f3n de Aikido en San Sebasti\u00e1n de los Reyes, Madrid, Espa\u00f1a. Cursos y Seminarios Internacionales.\" \/>\n<meta name=\"robots\" content=\"index, follow, max-snippet:-1, max-image-preview:large, max-video-preview:-1\" \/>\n<link rel=\"canonical\" href=\"https:\/\/sanseaikikai.es\/\" \/>\n<meta property=\"og:locale\" content=\"es_ES\" \/>\n<meta property=\"og:type\" content=\"article\" \/>\n<meta property=\"og:title\" content=\"Asociaci\u00f3n Cultural Sanse Aikikai (ACSA)\" \/>\n<meta property=\"og:description\" content=\"P\u00e1gina de la Asociaci\u00f3n de Aikido en San Sebasti\u00e1n de los Reyes, Madrid, Espa\u00f1a. Cursos y Seminarios Internacionales.\" \/>\n<meta property=\"og:url\" content=\"https:\/\/sanseaikikai.es\/\" \/>\n<meta property=\"og:site_name\" content=\"Aikido\" \/>\n<meta property=\"article:modified_time\" content=\"2026-03-02T23:29:55+00:00\" \/>\n<meta property=\"og:image\" content=\"https:\/\/sanseaikikai.es\/wp-content\/uploads\/2025\/09\/Grupal-ACSA-Aikikai.jpg\" \/>\n\t<meta property=\"og:image:width\" content=\"1994\" \/>\n\t<meta property=\"og:image:height\" content=\"435\" \/>\n\t<meta property=\"og:image:type\" content=\"image\/jpeg\" \/>\n<meta name=\"twitter:card\" content=\"summary_large_image\" \/>\n<meta name=\"twitter:label1\" content=\"Tiempo de lectura\" \/>\n\t<meta name=\"twitter:data1\" content=\"2 minutos\" \/>\n<script type=\"application\/ld+json\" class=\"yoast-schema-graph\">{\"@context\":\"https:\\\/\\\/schema.org\",\"@graph\":[{\"@type\":\"WebPage\",\"@id\":\"https:\\\/\\\/sanseaikikai.es\\\/\",\"url\":\"https:\\\/\\\/sanseaikikai.es\\\/\",\"name\":\"Asociaci\u00f3n Cultural Sanse Aikikai (ACSA)\",\"isPartOf\":{\"@id\":\"https:\\\/\\\/sanseaikikai.es\\\/#website\"},\"primaryImageOfPage\":{\"@id\":\"https:\\\/\\\/sanseaikikai.es\\\/#primaryimage\"},\"image\":{\"@id\":\"https:\\\/\\\/sanseaikikai.es\\\/#primaryimage\"},\"thumbnailUrl\":\"https:\\\/\\\/sanseaikikai.es\\\/wp-content\\\/uploads\\\/2025\\\/09\\\/Grupal-ACSA-Aikikai.jpg\",\"datePublished\":\"2017-07-18T01:07:17+00:00\",\"dateModified\":\"2026-03-02T23:29:55+00:00\",\"description\":\"P\u00e1gina de la Asociaci\u00f3n de Aikido en San Sebasti\u00e1n de los Reyes, Madrid, Espa\u00f1a. Cursos y Seminarios Internacionales.\",\"inLanguage\":\"es\",\"potentialAction\":[{\"@type\":\"ReadAction\",\"target\":[\"https:\\\/\\\/sanseaikikai.es\\\/\"]}]},{\"@type\":\"ImageObject\",\"inLanguage\":\"es\",\"@id\":\"https:\\\/\\\/sanseaikikai.es\\\/#primaryimage\",\"url\":\"https:\\\/\\\/sanseaikikai.es\\\/wp-content\\\/uploads\\\/2025\\\/09\\\/Grupal-ACSA-Aikikai.jpg\",\"contentUrl\":\"https:\\\/\\\/sanseaikikai.es\\\/wp-content\\\/uploads\\\/2025\\\/09\\\/Grupal-ACSA-Aikikai.jpg\",\"width\":1994,\"height\":435},{\"@type\":\"WebSite\",\"@id\":\"https:\\\/\\\/sanseaikikai.es\\\/#website\",\"url\":\"https:\\\/\\\/sanseaikikai.es\\\/\",\"name\":\"Aikido\",\"description\":\"ACSA Aikikai\",\"potentialAction\":[{\"@type\":\"SearchAction\",\"target\":{\"@type\":\"EntryPoint\",\"urlTemplate\":\"https:\\\/\\\/sanseaikikai.es\\\/?s={search_term_string}\"},\"query-input\":{\"@type\":\"PropertyValueSpecification\",\"valueRequired\":true,\"valueName\":\"search_term_string\"}}],\"inLanguage\":\"es\"}]}<\/script>\n<!-- \/ Yoast SEO plugin. -->","yoast_head_json":{"title":"Asociaci\u00f3n Cultural Sanse Aikikai (ACSA)","description":"P\u00e1gina de la Asociaci\u00f3n de Aikido en San Sebasti\u00e1n de los Reyes, Madrid, Espa\u00f1a. Cursos y Seminarios Internacionales.","robots":{"index":"index","follow":"follow","max-snippet":"max-snippet:-1","max-image-preview":"max-image-preview:large","max-video-preview":"max-video-preview:-1"},"canonical":"https:\/\/sanseaikikai.es\/","og_locale":"es_ES","og_type":"article","og_title":"Asociaci\u00f3n Cultural Sanse Aikikai (ACSA)","og_description":"P\u00e1gina de la Asociaci\u00f3n de Aikido en San Sebasti\u00e1n de los Reyes, Madrid, Espa\u00f1a. Cursos y Seminarios Internacionales.","og_url":"https:\/\/sanseaikikai.es\/","og_site_name":"Aikido","article_modified_time":"2026-03-02T23:29:55+00:00","og_image":[{"width":1994,"height":435,"url":"https:\/\/sanseaikikai.es\/wp-content\/uploads\/2025\/09\/Grupal-ACSA-Aikikai.jpg","type":"image\/jpeg"}],"twitter_card":"summary_large_image","twitter_misc":{"Tiempo de lectura":"2 minutos"},"schema":{"@context":"https:\/\/schema.org","@graph":[{"@type":"WebPage","@id":"https:\/\/sanseaikikai.es\/","url":"https:\/\/sanseaikikai.es\/","name":"Asociaci\u00f3n Cultural Sanse Aikikai (ACSA)","isPartOf":{"@id":"https:\/\/sanseaikikai.es\/#website"},"primaryImageOfPage":{"@id":"https:\/\/sanseaikikai.es\/#primaryimage"},"image":{"@id":"https:\/\/sanseaikikai.es\/#primaryimage"},"thumbnailUrl":"https:\/\/sanseaikikai.es\/wp-content\/uploads\/2025\/09\/Grupal-ACSA-Aikikai.jpg","datePublished":"2017-07-18T01:07:17+00:00","dateModified":"2026-03-02T23:29:55+00:00","description":"P\u00e1gina de la Asociaci\u00f3n de Aikido en San Sebasti\u00e1n de los Reyes, Madrid, Espa\u00f1a. Cursos y Seminarios Internacionales.","inLanguage":"es","potentialAction":[{"@type":"ReadAction","target":["https:\/\/sanseaikikai.es\/"]}]},{"@type":"ImageObject","inLanguage":"es","@id":"https:\/\/sanseaikikai.es\/#primaryimage","url":"https:\/\/sanseaikikai.es\/wp-content\/uploads\/2025\/09\/Grupal-ACSA-Aikikai.jpg","contentUrl":"https:\/\/sanseaikikai.es\/wp-content\/uploads\/2025\/09\/Grupal-ACSA-Aikikai.jpg","width":1994,"height":435},{"@type":"WebSite","@id":"https:\/\/sanseaikikai.es\/#website","url":"https:\/\/sanseaikikai.es\/","name":"Aikido","description":"ACSA Aikikai","potentialAction":[{"@type":"SearchAction","target":{"@type":"EntryPoint","urlTemplate":"https:\/\/sanseaikikai.es\/?s={search_term_string}"},"query-input":{"@type":"PropertyValueSpecification","valueRequired":true,"valueName":"search_term_string"}}],"inLanguage":"es"}]}},"_links":{"self":[{"href":"https:\/\/sanseaikikai.es\/index.php\/wp-json\/wp\/v2\/pages\/8","targetHints":{"allow":["GET"]}}],"collection":[{"href":"https:\/\/sanseaikikai.es\/index.php\/wp-json\/wp\/v2\/pages"}],"about":[{"href":"https:\/\/sanseaikikai.es\/index.php\/wp-json\/wp\/v2\/types\/page"}],"author":[{"embeddable":true,"href":"https:\/\/sanseaikikai.es\/index.php\/wp-json\/wp\/v2\/users\/1"}],"replies":[{"embeddable":true,"href":"https:\/\/sanseaikikai.es\/index.php\/wp-json\/wp\/v2\/comments?post=8"}],"version-history":[{"count":90,"href":"https:\/\/sanseaikikai.es\/index.php\/wp-json\/wp\/v2\/pages\/8\/revisions"}],"predecessor-version":[{"id":3134,"href":"https:\/\/sanseaikikai.es\/index.php\/wp-json\/wp\/v2\/pages\/8\/revisions\/3134"}],"wp:attachment":[{"href":"https:\/\/sanseaikikai.es\/index.php\/wp-json\/wp\/v2\/media?parent=8"}],"curies":[{"name":"wp","href":"https:\/\/api.w.org\/{rel}","templated":true}]}}