{"id":2375,"date":"2023-03-21T23:33:55","date_gmt":"2023-03-21T22:33:55","guid":{"rendered":"https:\/\/sanseaikikai.es\/?page_id=2375"},"modified":"2026-02-26T19:17:33","modified_gmt":"2026-02-26T18:17:33","slug":"aikido-mataro","status":"publish","type":"page","link":"https:\/\/sanseaikikai.es\/index.php\/aikido-mataro\/","title":{"rendered":"Aikido Matar\u00f3, Barcelona"},"content":{"rendered":"\n<p class=\"has-medium-font-size\"><strong>Aikido Matar\u00f3<\/strong><\/p>\n\n\n\n<p>El Club Aikido Matar\u00f3 se encuentra ubicado en Matar\u00f3, Barcelona. Inici\u00f3 su actividad en el a\u00f1o 1986, siendo uno de los Clubes de Aikido m\u00e1s antiguos de Barcelona.<\/p>\n\n\n\n<figure class=\"wp-block-image size-full is-resized\"><img loading=\"lazy\" decoding=\"async\" width=\"685\" height=\"673\" src=\"https:\/\/sanseaikikai.es\/wp-content\/uploads\/2024\/01\/Aikido-Mataro-Logo.jpg\" alt=\"\" class=\"wp-image-2566\" style=\"width:120px\" srcset=\"https:\/\/sanseaikikai.es\/wp-content\/uploads\/2024\/01\/Aikido-Mataro-Logo.jpg 685w, https:\/\/sanseaikikai.es\/wp-content\/uploads\/2024\/01\/Aikido-Mataro-Logo-300x295.jpg 300w\" sizes=\"auto, (max-width: 685px) 100vw, 685px\" \/><\/figure>\n\n\n\n<p><strong>Poliesportiu Mpal. Eusebi Mill\u00e1n<\/strong><br>Carrer Sant Cugat, 146. 08302 &#8211; Matar\u00f3, Barcelona.<br>Tel: 93 799 17 65<br>Web: <a href=\"http:\/\/www.aikidomataro.com\/\" target=\"_blank\" rel=\"noreferrer noopener\">www.aikidomataro.com<\/a><\/p>\n\n\n\n<p><strong>Instructores:<\/strong><br>Jaume Gelabert Illa Sensei 7\u00ba Dan Aikikai<br>Manel Fern\u00e1ndez Gonz\u00e1lez Sensei 6\u00ba Dan Aikikai<br>Samuel Ord\u00f3\u00f1ez Mart\u00ednez Sensei 5\u00ba Dan<\/p>\n","protected":false},"excerpt":{"rendered":"<p>Aikido Matar\u00f3 El Club Aikido Matar\u00f3 se encuentra ubicado en Matar\u00f3, Barcelona. Inici\u00f3 su actividad en el a\u00f1o 1986, siendo uno de los Clubes de Aikido m\u00e1s antiguos de Barcelona. Poliesportiu Mpal.<a class=\"moretag\" href=\"https:\/\/sanseaikikai.es\/index.php\/aikido-mataro\/\">Leer m\u00e1s&#8230;<\/a><\/p>\n","protected":false},"author":1,"featured_media":0,"parent":0,"menu_order":0,"comment_status":"closed","ping_status":"closed","template":"","meta":{"footnotes":""},"class_list":["post-2375","page","type-page","status-publish","hentry"],"yoast_head":"<!-- This site is optimized with the Yoast SEO plugin v27.5 - https:\/\/yoast.com\/product\/yoast-seo-wordpress\/ -->\n<title>Aikido Matar\u00f3, Barcelona - Aikido<\/title>\n<meta name=\"description\" content=\"Dojo de Aikido en Matar\u00f3, Barcelona.\" \/>\n<meta name=\"robots\" content=\"index, follow, max-snippet:-1, max-image-preview:large, max-video-preview:-1\" \/>\n<link rel=\"canonical\" href=\"https:\/\/sanseaikikai.es\/index.php\/aikido-mataro\/\" \/>\n<meta property=\"og:locale\" content=\"es_ES\" \/>\n<meta property=\"og:type\" content=\"article\" \/>\n<meta property=\"og:title\" content=\"Aikido Matar\u00f3, Barcelona - Aikido\" \/>\n<meta property=\"og:description\" content=\"Dojo de Aikido en Matar\u00f3, Barcelona.\" \/>\n<meta property=\"og:url\" content=\"https:\/\/sanseaikikai.es\/index.php\/aikido-mataro\/\" \/>\n<meta property=\"og:site_name\" content=\"Aikido\" \/>\n<meta property=\"article:modified_time\" content=\"2026-02-26T18:17:33+00:00\" \/>\n<meta property=\"og:image\" content=\"https:\/\/sanseaikikai.es\/wp-content\/uploads\/2024\/01\/Aikido-Mataro-Logo.jpg\" \/>\n\t<meta property=\"og:image:width\" content=\"685\" \/>\n\t<meta property=\"og:image:height\" content=\"673\" \/>\n\t<meta property=\"og:image:type\" content=\"image\/jpeg\" \/>\n<meta name=\"twitter:card\" content=\"summary_large_image\" \/>\n<meta name=\"twitter:label1\" content=\"Tiempo de lectura\" \/>\n\t<meta name=\"twitter:data1\" content=\"1 minuto\" \/>\n<script type=\"application\/ld+json\" class=\"yoast-schema-graph\">{\"@context\":\"https:\\\/\\\/schema.org\",\"@graph\":[{\"@type\":\"WebPage\",\"@id\":\"https:\\\/\\\/sanseaikikai.es\\\/index.php\\\/aikido-mataro\\\/\",\"url\":\"https:\\\/\\\/sanseaikikai.es\\\/index.php\\\/aikido-mataro\\\/\",\"name\":\"Aikido Matar\u00f3, Barcelona - Aikido\",\"isPartOf\":{\"@id\":\"https:\\\/\\\/sanseaikikai.es\\\/#website\"},\"primaryImageOfPage\":{\"@id\":\"https:\\\/\\\/sanseaikikai.es\\\/index.php\\\/aikido-mataro\\\/#primaryimage\"},\"image\":{\"@id\":\"https:\\\/\\\/sanseaikikai.es\\\/index.php\\\/aikido-mataro\\\/#primaryimage\"},\"thumbnailUrl\":\"https:\\\/\\\/sanseaikikai.es\\\/wp-content\\\/uploads\\\/2024\\\/01\\\/Aikido-Mataro-Logo.jpg\",\"datePublished\":\"2023-03-21T22:33:55+00:00\",\"dateModified\":\"2026-02-26T18:17:33+00:00\",\"description\":\"Dojo de Aikido en Matar\u00f3, Barcelona.\",\"breadcrumb\":{\"@id\":\"https:\\\/\\\/sanseaikikai.es\\\/index.php\\\/aikido-mataro\\\/#breadcrumb\"},\"inLanguage\":\"es\",\"potentialAction\":[{\"@type\":\"ReadAction\",\"target\":[\"https:\\\/\\\/sanseaikikai.es\\\/index.php\\\/aikido-mataro\\\/\"]}]},{\"@type\":\"ImageObject\",\"inLanguage\":\"es\",\"@id\":\"https:\\\/\\\/sanseaikikai.es\\\/index.php\\\/aikido-mataro\\\/#primaryimage\",\"url\":\"https:\\\/\\\/sanseaikikai.es\\\/wp-content\\\/uploads\\\/2024\\\/01\\\/Aikido-Mataro-Logo.jpg\",\"contentUrl\":\"https:\\\/\\\/sanseaikikai.es\\\/wp-content\\\/uploads\\\/2024\\\/01\\\/Aikido-Mataro-Logo.jpg\",\"width\":685,\"height\":673},{\"@type\":\"BreadcrumbList\",\"@id\":\"https:\\\/\\\/sanseaikikai.es\\\/index.php\\\/aikido-mataro\\\/#breadcrumb\",\"itemListElement\":[{\"@type\":\"ListItem\",\"position\":1,\"name\":\"Portada\",\"item\":\"https:\\\/\\\/sanseaikikai.es\\\/\"},{\"@type\":\"ListItem\",\"position\":2,\"name\":\"Aikido Matar\u00f3, Barcelona\"}]},{\"@type\":\"WebSite\",\"@id\":\"https:\\\/\\\/sanseaikikai.es\\\/#website\",\"url\":\"https:\\\/\\\/sanseaikikai.es\\\/\",\"name\":\"Aikido\",\"description\":\"ACSA Aikikai\",\"potentialAction\":[{\"@type\":\"SearchAction\",\"target\":{\"@type\":\"EntryPoint\",\"urlTemplate\":\"https:\\\/\\\/sanseaikikai.es\\\/?s={search_term_string}\"},\"query-input\":{\"@type\":\"PropertyValueSpecification\",\"valueRequired\":true,\"valueName\":\"search_term_string\"}}],\"inLanguage\":\"es\"}]}<\/script>\n<!-- \/ Yoast SEO plugin. -->","yoast_head_json":{"title":"Aikido Matar\u00f3, Barcelona - Aikido","description":"Dojo de Aikido en Matar\u00f3, Barcelona.","robots":{"index":"index","follow":"follow","max-snippet":"max-snippet:-1","max-image-preview":"max-image-preview:large","max-video-preview":"max-video-preview:-1"},"canonical":"https:\/\/sanseaikikai.es\/index.php\/aikido-mataro\/","og_locale":"es_ES","og_type":"article","og_title":"Aikido Matar\u00f3, Barcelona - Aikido","og_description":"Dojo de Aikido en Matar\u00f3, Barcelona.","og_url":"https:\/\/sanseaikikai.es\/index.php\/aikido-mataro\/","og_site_name":"Aikido","article_modified_time":"2026-02-26T18:17:33+00:00","og_image":[{"width":685,"height":673,"url":"https:\/\/sanseaikikai.es\/wp-content\/uploads\/2024\/01\/Aikido-Mataro-Logo.jpg","type":"image\/jpeg"}],"twitter_card":"summary_large_image","twitter_misc":{"Tiempo de lectura":"1 minuto"},"schema":{"@context":"https:\/\/schema.org","@graph":[{"@type":"WebPage","@id":"https:\/\/sanseaikikai.es\/index.php\/aikido-mataro\/","url":"https:\/\/sanseaikikai.es\/index.php\/aikido-mataro\/","name":"Aikido Matar\u00f3, Barcelona - Aikido","isPartOf":{"@id":"https:\/\/sanseaikikai.es\/#website"},"primaryImageOfPage":{"@id":"https:\/\/sanseaikikai.es\/index.php\/aikido-mataro\/#primaryimage"},"image":{"@id":"https:\/\/sanseaikikai.es\/index.php\/aikido-mataro\/#primaryimage"},"thumbnailUrl":"https:\/\/sanseaikikai.es\/wp-content\/uploads\/2024\/01\/Aikido-Mataro-Logo.jpg","datePublished":"2023-03-21T22:33:55+00:00","dateModified":"2026-02-26T18:17:33+00:00","description":"Dojo de Aikido en Matar\u00f3, Barcelona.","breadcrumb":{"@id":"https:\/\/sanseaikikai.es\/index.php\/aikido-mataro\/#breadcrumb"},"inLanguage":"es","potentialAction":[{"@type":"ReadAction","target":["https:\/\/sanseaikikai.es\/index.php\/aikido-mataro\/"]}]},{"@type":"ImageObject","inLanguage":"es","@id":"https:\/\/sanseaikikai.es\/index.php\/aikido-mataro\/#primaryimage","url":"https:\/\/sanseaikikai.es\/wp-content\/uploads\/2024\/01\/Aikido-Mataro-Logo.jpg","contentUrl":"https:\/\/sanseaikikai.es\/wp-content\/uploads\/2024\/01\/Aikido-Mataro-Logo.jpg","width":685,"height":673},{"@type":"BreadcrumbList","@id":"https:\/\/sanseaikikai.es\/index.php\/aikido-mataro\/#breadcrumb","itemListElement":[{"@type":"ListItem","position":1,"name":"Portada","item":"https:\/\/sanseaikikai.es\/"},{"@type":"ListItem","position":2,"name":"Aikido Matar\u00f3, Barcelona"}]},{"@type":"WebSite","@id":"https:\/\/sanseaikikai.es\/#website","url":"https:\/\/sanseaikikai.es\/","name":"Aikido","description":"ACSA Aikikai","potentialAction":[{"@type":"SearchAction","target":{"@type":"EntryPoint","urlTemplate":"https:\/\/sanseaikikai.es\/?s={search_term_string}"},"query-input":{"@type":"PropertyValueSpecification","valueRequired":true,"valueName":"search_term_string"}}],"inLanguage":"es"}]}},"_links":{"self":[{"href":"https:\/\/sanseaikikai.es\/index.php\/wp-json\/wp\/v2\/pages\/2375","targetHints":{"allow":["GET"]}}],"collection":[{"href":"https:\/\/sanseaikikai.es\/index.php\/wp-json\/wp\/v2\/pages"}],"about":[{"href":"https:\/\/sanseaikikai.es\/index.php\/wp-json\/wp\/v2\/types\/page"}],"author":[{"embeddable":true,"href":"https:\/\/sanseaikikai.es\/index.php\/wp-json\/wp\/v2\/users\/1"}],"replies":[{"embeddable":true,"href":"https:\/\/sanseaikikai.es\/index.php\/wp-json\/wp\/v2\/comments?post=2375"}],"version-history":[{"count":12,"href":"https:\/\/sanseaikikai.es\/index.php\/wp-json\/wp\/v2\/pages\/2375\/revisions"}],"predecessor-version":[{"id":3130,"href":"https:\/\/sanseaikikai.es\/index.php\/wp-json\/wp\/v2\/pages\/2375\/revisions\/3130"}],"wp:attachment":[{"href":"https:\/\/sanseaikikai.es\/index.php\/wp-json\/wp\/v2\/media?parent=2375"}],"curies":[{"name":"wp","href":"https:\/\/api.w.org\/{rel}","templated":true}]}}